NOAA-style Climate Reports

2018: Jan | Feb | Mar | Apr | May | Jun | Jul | Aug | Sep | Oct | Nov | Dec 
2017: Jan | Feb | Mar | Apr | May | Jun | Jul | Aug | Sep | Oct | Nov | Dec 
2016: Jan | Feb | Mar | Apr | May | Jun | Jul | Aug | Sep | Oct | Nov | Dec 
2015: Jan | Feb | Mar | Apr | May | Jun | Jul | Aug | Sep | Oct | Nov | Dec 
2014: Jan | Feb | Mar | Apr | May | Jun | Jul | Aug | Sep | Oct | Nov | Dec 
2013: Jan | Feb | Mar | Apr | May | Jun | Jul | Aug | Sep | Oct | Nov | Dec 
2012: Jan | Feb | Mar | Apr | May | Jun | Jul | Aug | Sep | Oct | Nov | Dec 
2011: Jan | Feb | Mar | Apr | May | Jun | Jul | Aug | Sep | Oct | Nov | Dec 
2010: Jan | Feb | Mar | Apr | May | Jun | Jul | Aug | Sep | Oct | Nov | Dec 
2009: Jan | Feb | Mar | Apr | May | Jun | Jul | Aug | Sep | Oct | Nov | Dec 
2008: Jan | Feb | Mar | Apr | May | Jun | Jul | Aug | Sep | Oct | Nov | Dec 
2007: Jan | Feb | Mar | Apr | May | Jun | Jul | Aug | Sep | Oct | Nov | Dec 
2006: Jan | Feb | Mar | Apr | May | Jun | Jul | Aug | Sep | Oct | Nov | Dec 

Report for 2018 12
MONTHLY CLIMATOLOGICAL SUMMARY for DEC. 2013 NAME: METEO PFASTATT CITY: PFASTATT STATE: FRANCE ELEV: 238 m LAT: 47 46' 31" N LONG: 7 17' 50" E TEMPERATURE (C), RAIN (mm), WIND SPEED (km/hr) HEAT COOL AVG MEAN DEG DEG WIND DOM DAY TEMP HIGH TIME LOW TIME DAYS DAYS RAIN SPEED HIGH TIME DIR ------------------------------------------------------------------------------------ 1 1.8 6.7 14:05 -1.6 1:55 16.5 0.0 0.0 0.0 0.0 --- --- 2 3.3 8.6 12:55 -0.4 00:00 14.9 0.0 0.0 0.0 0.0 --- --- 3 -0.2 6.5 13:25 -3.8 7:45 18.5 0.0 0.0 0.0 3.2 8:20 NNW 4 -0.6 4.0 12:30 -4.3 4:25 18.9 0.0 0.0 0.0 0.0 --- --- 5 4.3 8.4 14:05 1.4 0:25 14.0 0.0 0.2 0.0 0.0 --- --- 6 4.6 7.3 13:25 3.3 21:45 13.7 0.0 1.0 0.0 0.0 --- --- 7 3.8 8.5 13:30 -0.6 00:00 14.5 0.0 0.0 0.0 0.0 --- --- 8 2.0 9.7 13:45 -1.8 4:50 16.3 0.0 0.0 0.0 0.0 --- --- 9 0.9 8.4 13:45 -2.2 23:05 17.4 0.0 0.0 0.0 0.0 --- --- 10 0.0 8.9 13:25 -4.6 8:10 18.3 0.0 0.0 0.0 0.0 --- --- 11 -0.3 7.7 14:00 -3.7 8:20 18.6 0.0 0.2 0.0 0.0 --- --- 12 -1.0 0.4 14:20 -1.8 4:05 19.3 0.0 0.0 0.0 0.0 --- --- 13 -1.0 3.7 13:40 -2.9 5:20 19.3 0.0 0.0 0.0 0.0 --- --- 14 2.4 6.8 13:40 -2.6 0:05 15.8 0.0 1.0 0.0 0.0 --- --- 15 2.9 10.2 14:10 0.0 5:10 15.4 0.0 0.2 0.0 0.0 --- --- 16 4.7 13.4 13:40 -0.4 8:05 13.6 0.0 0.0 0.0 0.0 --- --- 17 4.7 13.3 13:40 -1.0 9:00 13.6 0.0 0.0 0.0 0.0 --- --- 18 5.1 9.0 12:05 2.3 1:20 13.2 0.0 0.0 0.0 0.0 --- --- 19 6.4 10.0 14:10 3.2 4:00 11.9 0.0 4.0 0.0 0.0 --- --- 20 5.7 7.9 13:50 1.7 00:00 12.6 0.0 1.8 0.0 0.0 --- --- 21 3.7 7.3 15:10 0.6 2:40 14.6 0.0 0.0 0.0 0.0 --- --- 22 8.8 13.1 12:55 5.4 0:20 9.5 0.0 1.0 0.0 0.0 --- --- 23 9.2 10.7 11:20 8.5 6:20 4.3 0.0 1.0 0.0 0.0 --- --- 24 25 26 27 28 29 30 31 ------------------------------------------------------------------------------------- 3.1 13.4 16 -4.6 10 345.0 0.0 10.4 0.0 3.2 3 NNW Max >= 32.0: 0 Max <= 0.0: 0 Min <= 0.0: 15 Min <= -18.0: 0 Max Rain: 3.99 ON 19/12/13 Days of Rain: 9 (> .2 mm) 1 (> 2 mm) 0 (> 20 mm) Heat Base: 18.3 Cool Base: 18.3 Method: Integration